5
List the prime factors of 1754.
2, 877
What are the prime factors of 1150?
2, 5, 23
What are the prime factors of 1708?
2, 7, 61
What are the prime factors of 2478?
2, 3, 7, 59
What are the prime factors of 807?
3, 269
List the prime factors of 8621.
37, 233
List the prime factors of 7190.
2, 5, 719
What are the prime factors of 67927?
67927
What are the prime factors of 1140?
2, 3, 5, 19
What are the prime factors of 11162?
2, 5581
List the prime factors of 8150.
2, 5, 163
List the prime factors of 31824.
2, 3, 13, 17
List the prime factors of 1194.
2, 3, 199
What are the prime factors of 109?
109
List the prime factors of 2683.
2683
List the prime factors of 2392.
2, 13, 23
What are the prime factors of 2814?
2, 3, 7, 67
What are the prime factors of 34178?
2, 23, 743
What are the prime factors of 21728?
2, 7, 97
What are the prime factors of 619?
619
List the prime factors of 30157.
53, 569
What are the prime factors of 3540?
2, 3, 5, 59
List the prime factors of 3353.
7, 479
List the prime factors of 1271.
31, 41
What are the prime factors of 45509?
17, 2677
List the prime factors of 1254.
2, 3, 11, 19
What are the prime factors of 37773?
3, 1399
What are the prime factors of 10800?
2, 3, 5
What are the prime factors of 2117?
29, 73
List the prime factors of 24082.
2, 12041
What are the prime factors of 2983?
19, 157
What are the prime factors of 2555?
5, 7, 73
List the prime factors of 170.
2, 5, 17
What are the prime factors of 17716?
2, 43, 103
What are the prime factors of 46935?
3, 5, 7, 149
List the prime factors of 1831.
1831
List the prime factors of 18100.
2, 5, 181
List the prime factors of 81179.
7, 11597
What are the prime factors of 46434?
2, 3, 71, 109
List the prime factors of 389.
389
List the prime factors of 710.
2, 5, 71
List the prime factors of 17784.
2, 3, 13, 19
List the prime factors of 744.
2, 3, 31
What are the prime factors of 9443?
7, 19, 71
List the prime factors of 7602.
2, 3, 7, 181
List the prime factors of 7993.
7993
List the prime factors of 26410.
2, 5, 19, 139
List the prime factors of 362.
2, 181
What are the prime factors of 8038?
2, 4019
What are the prime factors of 2280?
2, 3, 5, 19
What are the prime factors of 685?
5, 137
List the prime factors of 28608.
2, 3, 149
What are the prime factors of 7375?
5, 59
List the prime factors of 526.
2, 263
List the prime factors of 1805.
5, 19
List the prime factors of 2568.
2, 3, 107
What are the prime factors of 21198?
2, 3, 3533
What are the prime factors of 2483?
13, 191
List the prime factors of 2191.
7, 313
What are the prime factors of 14497?
7, 19, 109
List the prime factors of 70814.
2, 35407
What are the prime factors of 48602?
2, 19, 1279
What are the prime factors of 101455?
5, 103, 197
What are the prime factors of 30163?
7, 31, 139
What are the prime factors of 2810?
2, 5, 281
What are the prime factors of 6046?
2, 3023
List the prime factors of 206.
2, 103
List the prime factors of 352.
2, 11
List the prime factors of 1032.
2, 3, 43
List the prime factors of 32091.
3, 19, 563
List the prime factors of 94.
2, 47
List the prime factors of 426.
2, 3, 71
What are the prime factors of 147?
3, 7
List the prime factors of 4044.
2, 3, 337
What are the prime factors of 1191?
3, 397
List the prime factors of 4733.
4733
List the prime factors of 875.
5, 7
What are the prime factors of 16222?
2, 8111
List the prime factors of 5166.
2, 3, 7, 41
What are the prime factors of 10468?
2, 2617
What are the prime factors of 14329?
7, 23, 89
What are the prime factors of 119?
7, 17
List the prime factors of 17446.
2, 11, 13, 61
List the prime factors of 2813.
29, 97
List the prime factors of 41801.
41801
What are the prime factors of 21636?
2, 3, 601
List the prime factors of 3409.
7, 487
What are the prime factors of 124461?
3, 13829
List the prime factors of 175170.
2, 3, 5, 5839
What are the prime factors of 8460?
2, 3, 5, 47
What are the prime factors of 109895?
5, 31, 709
What are the prime factors of 2415?
3, 5, 7, 23
What are the prime factors of 517?
11, 47
List the prime factors of 1115.
5, 223
List the prime factors of 2122.
2, 1061
What are the prime factors of 46097?
31, 1487
List the prime factors of 19776.
2, 3, 103
List the prime factors of 126.
2, 3, 7
List the prime factors of 1129.
1129
List the prime factors of 9781.
9781
What are the prime factors of 1700?
2, 5, 17
List the prime factors of 9842.
2, 7, 19, 37
What are the prime factors of 24569?
79, 311
List the prime factors of 48551.
47, 1033
What are the prime factors of 2404?
2, 601
What are the prime factors of 4401?
3, 163
What are the prime factors of 27106?
2, 13553
What are the prime factors of 16253?
16253
What are the prime factors of 788?
2, 197
What are the prime factors of 153380?
2, 5, 7669
What are the prime factors of 1632?
2, 3, 17
What are the prime factors of 2213?
2213
List the prime factors of 18149.
18149
What are the prime factors of 3798?
2, 3, 211
What are the prime factors of 15419?
17, 907
What are the prime factors of 32945?
5, 11, 599
What are the prime factors of 9136?
2, 571
What are the prime factors of 1051?
1051
What are the prime factors of 1368?
2, 3, 19
List the prime factors of 5301.
3, 19, 31
List the prime factors of 50705.
5, 10141
List the prime factors of 6257.
6257
What are the prime factors of 30385?
5, 59, 103
List the prime factors of 65847.
3, 47, 467
List the prime factors of 1414.
2, 7, 101
List the prime factors of 206.
2, 103
List the prime factors of 625.
5
List the prime factors of 34293.
3, 7, 23, 71
List the prime factors of 7376.
2, 461
List the prime factors of 2019.
3, 673
List the prime factors of 46526.
2, 43, 541
What are the prime factors of 14514?
2, 3, 41, 59
What are the prime factors of 32093?
67, 479
What are the prime factors of 6144?
2, 3
List the prime factors of 15880.
2, 5, 397
What are the prime factors of 52007?
131, 397
What are the prime factors of 26334?
2, 3, 7, 11, 19
List the prime factors of 6164.
2, 23, 67
List the prime factors of 1066.
2, 13, 41
List the prime factors of 182345.
5, 36469
List the prime factors of 892.
2, 223
What are the prime factors of 1592?
2, 199
List the prime factors of 38617.
23, 73
What are the prime factors of 560?
2, 5, 7
List the prime factors of 83291.
13, 43, 149
List the prime factors of 1060.
2, 5, 53
What are the prime factors of 15693?
3, 5231
List the prime factors of 81727.
81727
List the prime factors of 31939.
19, 41
List the prime factors of 36664.
2, 4583
List the prime factors of 461.
461
List the prime factors of 367.
367
List the prime factors of 5207.
41, 127
List the prime factors of 23848.
2, 11, 271
List the prime factors of 845.
5, 13
List the prime factors of 23483.
23, 1021
List the prime factors of 65692.
2, 11, 1493
List the prime factors of 2008.
2, 251
List the prime factors of 1707.
3, 569
What are the prime factors of 4165?
5, 7, 17
What are the prime factors of 7895?
5, 1579
List the prime factors of 16472.
2, 29, 71
List the prime factors of 11391.
3, 3797
What are the prime factors of 24703?
7, 3529
What are the prime factors of 6797?
7, 971
List the prime factors of 716.
2, 179
List the prime factors of 53.
53
What are the prime factors of 26062?
2, 83, 157
What are the prime factors of 12883?
13, 991
List the prime factors of 1909.
23, 83
List the prime factors of 186.
2, 3, 31
List the prime factors of 2435.
5, 487
List the prime factors of 13184.
2, 103
What are the prime factors of 96834?
2, 3, 16139
List the prime factors of 30849.
3, 7, 13, 113
List the prime factors of 42365.
5, 37, 229
List the prime factors of 7791.
3, 7, 53
List the prime factors of 1537.
29, 53
What are the prime factors of 4490?
2, 5, 449
What are the prime factors of 42307?
42307
What are the prime factors of 1052?
2, 263
List the prime factors of 734.
2, 367
What are the prime factors of 113499?
3, 12611
List the prime factors of 9723.
3, 7, 463
List the prime factors of 58841.
29, 2029
List the prime factors of 2711.
2711
List the prime factors of 5701.
5701
What are the prime factors of 170?
2, 5, 17
List the prime factors of 4938.
2, 3, 823
What are the prime factors of 9138?
2, 3, 1523
List the prime factors of 30.
2, 3, 5
List the prime factors of 53508.
2, 3, 